s -211 (base 5) in base 2?
-111000
52 (base 12) to base 4
332
What is 14 (base 6) in base 5?
20
Convert 1 (base 10) to base 14.
1
Convert -1b (base 14) to base 3.
-221
What is 116 (base 7) in base 8?
76
123 (base 6) to base 15
36
-6 (base 9) to base 11
-6
Convert d2 (base 15) to base 2.
11000101
Convert -140 (base 6) to base 3.
-2020
What is c9 (base 16) in base 2?
11001001
What is -14 (base 12) in base 7?
-22
What is -10011 (base 3) in base 11?
-78
-20 (base 6) to base 4
-30
What is -15 (base 6) in base 4?
-23
-232 (base 9) to base 6
-515
Convert 2 (base 13) to base 4.
2
What is -b (base 14) in base 4?
-23
-110011 (base 3) to base 4
-11020
2 (base 8) to base 9
2
-46 (base 10) to base 5
-141
Convert 0 (base 13) to base 12.
0
What is -244 (base 5) in base 7?
-134
What is 365 (base 8) in base 4?
3311
-1 (base 11) to base 6
-1
What is 13 (base 6) in base 7?
12
What is 1 (base 14) in base 7?
1
-1 (base 7) to base 10
-1
3 (base 14) to base 4
3
111011 (base 2) to base 3
2012
4 (base 14) to base 16
4
Convert 4 (base 5) to base 6.
4
What is 3 (base 14) in base 13?
3
Convert 0 (base 9) to base 10.
0
What is -1212 (base 3) in base 6?
-122
Convert -283 (base 9) to base 7.
-456
-3 (base 9) to base 14
-3
Convert 87 (base 13) to base 5.
421
1110111 (base 2) to base 7
230
-10 (base 11) to base 5
-21
-3 (base 8) to base 15
-3
-2 (base 6) to base 2
-10
What is -8 (base 13) in base 14?
-8
Convert 3e (base 16) to base 7.
116
Convert 30 (base 6) to base 11.
17
111112 (base 3) to base 12
265
What is -3 (base 7) in base 4?
-3
-12 (base 6) to base 5
-13
4b (base 14) to base 13
52
Convert -1 (base 12) to base 15.
-1
Convert 1 (base 3) to base 11.
1
-23 (base 4) to base 11
-10
13 (base 4) to base 13
7
What is 10 (base 4) in base 14?
4
What is 100 (base 2) in base 15?
4
What is -2 (base 16) in base 5?
-2
What is 252 (base 8) in base 3?
20022
-2 (base 4) to base 15
-2
-2 (base 16) to base 8
-2
What is -23 (base 13) in base 12?
-25
What is 2 (base 6) in base 2?
10
Convert 15 (base 7) to base 11.
11
What is -441 (base 6) in base 13?
-100
What is -40 (base 10) in base 2?
-101000
d (base 16) to base 10
13
-1 (base 13) to base 14
-1
-22 (base 10) to base 4
-112
Convert -4 (base 10) to base 12.
-4
What is -1 (base 13) in base 7?
-1
Convert -15 (base 10) to base 13.
-12
-27 (base 13) to base 7
-45
What is -8 (base 12) in base 6?
-12
52 (base 15) to base 9
85
What is -71 (base 13) in base 3?
-10102
Convert 101000 (base 2) to base 8.
50
Convert -11 (base 5) to base 13.
-6
What is 37 (base 8) in base 14?
23
-40 (base 10) to base 8
-50
-12 (base 9) to base 10
-11
1 (base 6) to base 9
1
0 (base 12) to base 10
0
3 (base 4) to base 7
3
What is -5 (base 16) in base 4?
-11
5 (base 7) to base 15
5
Convert a3 (base 13) to base 8.
205
-1 (base 16) to base 6
-1
What is -20 (base 3) in base 5?
-11
-80 (base 10) to base 12
-68
13 (base 4) to base 10
7
Convert 4 (base 6) to base 16.
4
29 (base 13) to base 5
120
2e (base 16) to base 5
141
-1 (base 12) to base 15
-1
-1 (base 5) to base 15
-1
Convert 210 (base 11) to base 13.
166
1 (base 14) to base 4
1
Convert 3 (base 16) to base 4.
3
4 (base 12) to base 8
4
Convert -13 (base 6) to base 11.
-9
What is 3 (base 12) in base 14?
3
What is 0 (base 8) in base 3?
0
What is 2 (base 5) in base 6?
2
Convert -403 (base 5) to base 12.
-87
What is -2 (base 12) in base 5?
-2
5 (base 6) to base 12
5
Convert -11110 (base 2) to base 9.
-33
17 (base 13) to base 16
14
Convert -31 (base 10) to base 4.
-133
-3 (base 10) to base 3
-10
Convert 36 (base 12) to base 3.
1120
What is -3 (base 10) in base 11?
-3
101 (base 4) to base 7
23
What is -11 (base 4) in base 14?
-5
What is -165 (base 13) in base 5?
-2002
24 (base 7) to base 5
33
Convert 0 (base 10) to base 11.
0
a (base 16) to base 6
14
What is 12 (base 5) in base 13?
7
What is 13 (base 4) in base 3?
21
2 (base 13) to base 15
2
4 (base 10) to base 6
4
1402 (base 5) to base 8
343
-2 (base 15) to base 11
-2
54 (base 7) to base 8
47
Convert -12 (base 5) to base 14.
-7
What is -1c (base 13) in base 2?
-11001
-1 (base 4) to base 16
-1
What is 15 (base 6) in base 15?
b
Convert -2 (base 5) to base 4.
-2
-15 (base 11) to base 8
-20
Convert 20 (base 4) to base 3.
22
Convert 0 (base 6) to base 13.
0
Convert -304 (base 5) to base 7.
-142
20 (base 14) to base 10
28
35 (base 7) to base 11
24
-17 (base 8) to base 10
-15
What is -21 (base 3) in base 7?
-10
What is 21 (base 13) in base 2?
11011
Convert 235 (base 7) to base 2.
1111100
Convert -10 (base 5) to base 11.
-5
What is 11 (base 13) in base 3?
112
What is 3 (base 5) in base 11?
3
What is -106 (base 10) in base 11?
-97
What is -222 (base 3) in base 15?
-1b
Convert -4 (base 7) to base 8.
-4
What is 3 (base 8) in base 12?
3
What is 4 (base 5) in base 10?
4
What is 10 (base 15) in base 13?
12
What is 1 (base 10) in base 8?
1
Convert 110 (base 3) to base 16.
c
What is 15 (base 7) in base 6?
20
9 (base 10) to base 15
9
What is 5 (base 14) in base 13?
5
What is -15 (base 7) in base 8?
-14
What is 10 (base 4) in base 3?
11
1011111 (base 2) to base 5
340
6 (base 8) to base 6
10
Convert -1 (base 4) to base 12.
-1
Convert 2121 (base 3) to base 7.
130
Convert 1 (base 10) to base 4.
1
Convert 7 (base 14) to base 12.
7
1 (base 14) to base 7
1
10 (base 2) to base 6
2
-5 (base 15) to base 10
-5
-53 (base 6) to base 9
-36
-10 (base 3) to base 15
-3
6 (base 16) to base 9
6
What is 1222 (base 6) in base 12?
212
Convert 3 (base 4) to base 6.
3
-73 (base 12) to base 11
-7a
158 (base 10) to base 3
12212
-10 (base 4) to base 16
-4
What is -7 (base 12) in base 11?
-7
What is -110 (base 2) in base 5?
-11
-14 (base 6) to base 14
-a
What is 53 (base 13) in base 11?
62
What is 2 (base 13) in base 4?
2
Convert 18 (base 16) to base 12.
20
-3 (base 8) to base 10
-3
Convert 2 (base 6) to base 8.
2
What is 4 (base 9) in base 12?
4
-10000001 (base 2) to base 12
-a9
2 (base 13) to base 10
2
Convert 42 (base 10) to base 13.
33
What is -6 (base 13) in base 6?
-10
-2a (base 14) to base 9
-42
What is -7 (base 13) in base 2?
-111
1 (base 12) to base 10
1
-1 (base 8) to base 12
-1
Convert -11020 (base 3) to base 5.
-424
21222 (base 3) to base 6
555
-5 (base 9) to base 6
-5
Convert 1000 (base 2) to base 14.
8
What is -111221 (base 3) in base 12?
-274
What is -b1 (base 14) in base 11?
-131
-122 (base 4) to base 11
-24
What is 5 (base 10) in base 12?
5
Convert -26 (base 7) to base 4.
-110
-252 (base 7) to base 5
-1020
Convert -23 (base 12) to base 9.
-30
-1 (base 7) to base 13
-1
What is 5 (base 14) in base 12?
5
-3 (base 4) to base 3
-10
Convert 2 (base 3) to base 15.
2
Convert 222 (base 4) to base 10.
42
-5 (base 14) to base 12
-5
What is -11 (base 12) in base 4?
-31
-18 (base 12) to base 9
-22
What is -3 (base 10) in base 7?
-3
-3 (base 13) to base 16
-3
Convert -14 (base 8) to base 12.
-10
-103 (base 10) to base 9
-124
-3 (base 11) to base 5
-3
Convert 22 (base 10) to base 16.
16
What is -a (base 15) in base 4?
-22
Convert -17 (base 8) to base 11.
-14
Convert -164 (base 7) to base 9.
-115
What is 11 (base 4) in base 16?
5
What is 1 (base 14) in base 15?
1
What is -1 (base 8) in base 16?
-1
Convert 2 (base 11) to base 4.
2
What is -102011 (base 3) in base 4?
-10231
-23 (base 8) to base 4
-103
Convert 3 (base 16) to base 4.
3
Convert 1101 (base 3) to base 8.
45
Convert -8 (base 15) to base 14.
-8
-5 (base 12) to base 14
-5
What is -2d (base 14) in base 4?
-221
What is -100 (base 2) in base 13?
-4
10 (base 4) to base 9
4
Convert 1 (base 14) to base 16.
1
Convert -21 (base 3) to base 13.
-7
What is -24 (base 12) in base 14?
-20
Convert 7 (base 9) to base 5.
12
Convert 2111 (base 3) to base 2.
1000011
9 (base 11) to base 9
10
What is -2 (base 14) in base 8?
-2
Convert -100 (base 2) to base 13.
-4
-12 (base 6) to base 5
-13
Convert 4 (base 12) to base 14.
4
1 (base 15) to base 12
1
Convert 65 (base 13) to base 16.
53
Convert -d3 (base 14) to base 16.
-b9
313 (base 5) to base 14
5d
What is 75 (base 8) in base 11?
56
What is -4 (base 13) in base 16?
-4
12 (base 11) to base 9
14
-54 (base 10) to base 12
-46
13 (base 10) to base 14
d
What is -142 (base 5) in base 2?
-101111
What is 1 (base 16) in base 6?
1
14 (base 12) to base 7
22
-203 (base 4) to base 7
-50
What is -213 (base 8) in base 14?
-9d
-71 (base 12) to bas